Let p(t) = 5*t**2 - 2*t + 2. Let n be p(1). Suppose -4*a + a = -n*k - 155, 0 = -3*k - 12. Calculate the remainder when a is divided by o.
13
Suppose 5*n - 5 - 35 = 0. Suppose 0 = 5*a - 11*a + 108. What is the remainder when a is divided by n?
2
Suppose 10*y = 5*y - 130. Let l = y - -115. Suppose 2*x = 5*f + 16 + l, 5*x = -3*f + 216. What is the remainder when x is divided by 23?
22
Calculate the remainder when 394 is divided by (42/28)/((-4)/1536*-9).
10
Let b(o) = 2*o - 1. Let m be b(8). Let t = m - 8. Let v(w) = -w**2 + 9*w - 1. What is the remainder when v(4) is divided by t?
5
Let r(k) = k - 2. Suppose -8 = -u - 3. Let s be r(u). Suppose -3*m + 8 = 2*t + 1, -11 = -s*m - t. Calculate the remainder when m is divided by 2.
1
Let c = 22 - 13. Suppose 5*j - 3*q = -2, -j - q + c = 3. Suppose 6 = 4*n - j. What is the remainder when n is divided by 1?
0
Let p be (-2)/5 + ((-42)/(-5) - 3). Suppose -480 = -3*r - p*r. What is the remainder when 176 is divided by r?
56
Let a(t) = t**2 - 4*t + 5. Let v = -1321 + 1324. What is the remainder when a(5) is divided by v?
1
Suppose 3*s = 4*q + 21 + 5, 4*s - 38 = 2*q. What is the remainder when 1742/18 - 2/(-9) is divided by s?
7
Let s(l) = -9*l**3 + 2*l + 1. Let b be s(-1). Let t = -2 + b. Calculate the remainder when 37 is divided by (40/6)/(t/9).
7
Let h(y) = 121*y + 103. Calculate the remainder when 313 is divided by h(0).
4
Let q = -368 - -372. Suppose 5*t = s + 35, 0*s + 21 = 3*t - 2*s. What is the remainder when t is divided by q?
3
Suppose 4*x = 2*x. Suppose 0 = -4*y - x*y + 12. Suppose m - 2*m + 24 = 5*v, -y*m + 2*v = -4. What is the remainder when 11 is divided by m?
3
Suppose 112 = 2*l - 4*w, -215 = -4*l - 6*w + 5*w. What is the remainder when 91 is divided by l?
37
Let b(v) = -2*v - 12. Let j(d) = -d - 11. Let q(h) = -7*b(h) + 6*j(h). What is the remainder when q(5) is divided by 23?
12
Let w be (-6)/(-8) + (-161)/28. Let b(t) = 3 + 5*t**2 - 2 + t**3 - 6 - 2*t. What is the remainder when 12 is divided by b(w)?
2
Suppose 0 = 12*h - 10*h - 24. Suppose t = -4*y + 482, -t + 129 = y - 5*t. Let f = -78 + y. Calculate the remainder when f is divided by h.
7
Let u(s) = s**3 + 17*s**2 + 25*s - 2. What is the remainder when 81 is divided by u(-2)?
1
Suppose 8*i - 150 = 3*i. Suppose -5*k = k - i. Let m(d) = 5*d - 8. What is the remainder when m(k) is divided by 9?
8
Let q = 7 + 10. What is the remainder when q is divided by 1620/198 + 2 + (-72)/33?
1
Let u be -16*(-5)/(5/2). Let t = 51 - u. What is the remainder when 74 is divided by t?
17
Let f = 3152 - 3148. Suppose 14 = x - 0. Calculate the remainder when x is divided by f.
2
Let m(u) = -27*u**3 - u**2 - 2*u - 2. Calculate the remainder when m(-1) is divided by -3 + (-18)/(-3 + 0).
2
Let j(z) = z**3 - 14*z**2 - 7*z - 99. What is the remainder when 585 is divided by j(15)?
18
Let a(u) = 6*u**2 + u. Suppose 5 = 3*i - 2*i. Suppose i*s - 6 = 2*s. What is the remainder when a(s) is divided by 14?
12
Suppose 2*b = -2*k + 140, -2*b + 9 = 11. Calculate the remainder when 206 is divided by k.
64
Let j = 1038 - 1023. Let y = -29 - -116. Calculate the remainder when y is divided by j.
12
Calculate the remainder when (-29328)/(-28) + (39/7 - 5) is divided by 15.
13
Let t(r) = -r**3 - 6*r**2 - 7*r - 37. What is the remainder when 16 is divided by t(-6)?
1
Suppose 3*j = 103 - 4. Let r = -18 + j. Calculate the remainder when r is divided by -3*(-10)/15*(-18)/(-4).
6
Let k = -6660 + 6690. Let n(c) = 3*c**3 + 3*c - 4. What is the remainder when n(3) is divided by k?
26
Let p(x) = x**3 - 10*x**2 + 10*x - 5. Let k be p(9). Suppose k*h = 3*h + 3. Calculate the remainder when 6 is divided by h.
0
Let s = -101 - -148. Let x be -1*2/2 - -5. Suppose -4*h - h + s = -4*n, -4*h = x*n - 52. Calculate the remainder when 20 is divided by h.
9
Suppose -4*k = 161*i - 162*i - 45, 4*i = -4*k + 40. Calculate the remainder when 81 is divided by k.
4
Let n = -6 - -10. Suppose 2*b = -3*p + 33, 1 = 2*p - 2*b - 11. What is the remainder when p is divided by n?
1
Suppose 8*g + 156 = -28. Let o = 28 + g. Let a(t) = -t**2 + 12*t - 9. What is the remainder when a(9) is divided by o?
3
Suppose -w + 25 = -2. Let m = 34 - w. Suppose 1 = -v - 5*c + 7, -20 = 5*c. Calculate the remainder when v is divided by m.
5
Let d = 228 - 134. What is the remainder when d is divided by 51?
43
Let h(a) = -11*a - 53. Let v(o) = 4*o + 17. Let w(p) = -3*h(p) - 8*v(p). What is the remainder when w(-4) is divided by 7?
5
Suppose -13 = -2*m + 11. What is the remainder when -33*(-2 - (-3)/9) is divided by m?
7
Suppose 5*a - 76 = 164. What is the remainder when 191 is divided by a?
47
Suppose 4*t - 54 = a, -28*t = -32*t - 3*a + 62. Calculate the remainder when 0 + 71 + (-4)/2 is divided by t.
13
Suppose -631 = -6*r - 613. Let j(u) = 9*u**3 - u**2. What is the remainder when j(1) is divided by r?
2
Suppose -17*i = -18723 + 18621. Calculate the remainder when (-3)/9 - 596/(-6) is divided by i.
3
Suppose -5*t = -485 + 85. Calculate the remainder when 142 is divided by t.
62
Suppose -3*t - t + 16 = 4*o, o - 10 = -4*t. Suppose o = 3*i - 2*y, 2*i - 14 = -0*y - 5*y. Calculate the remainder when 13 is divided by i.
1
Suppose -2*p + o = -163, 3*p = p + 3*o + 169. Let n(f) = f**3 + 7*f**2 + 2*f - 12. Calculate the remainder when p is divided by n(-4).
24
Suppose -5 = h - 1. What is the remainder when 9 is divided by (-16)/h - (0 - 0)?
1
Let p be 3 + (-2)/(-4)*4. Let a(k) = 17*k - 5*k - 2*k. What is the remainder when a(p) is divided by 18?
14
Suppose 8*k = 20*k - 156. What is the remainder when -1 + (-73 - -1)/(-1) is divided by k?
6
Suppose -5*d = 22*t - 27*t - 1025, -4*t + 836 = 4*d. What is the remainder when d is divided by 8?
7
Suppose 2*t - b + 9 = 0, 6*t - 3*b + 23 = 2*t. Let g(q) = 5*q**2 + 5*q + 4. Calculate the remainder when 41 is divided by g(t).
13
Let z be 4*-3*68/(-24). Let k = 50 - z. What is the remainder when 47 is divided by k?
15
Suppose 12 = n + n. Suppose 2*k + 2*k - 104 = 0. Let r = k - 15. Calculate the remainder when r is divided by n.
5
Let u(w) = -w + 72. Let g(r) = r**3 + 10*r**2 + 7*r + 2. What is the remainder when u(-24) is divided by g(-9)?
16
Suppose 15*p - 21*p = -42. Suppose -p*r = 7*r - 28. Let y(b) = b - 1. Calculate the remainder when r is divided by y(2).
0
Suppose 3*w - 11 = -2. Let q(p) = 3*p**2 + 7*p - 13. Suppose 4*m - 3 = -2*v + 81, 2*m - 2*v = 30. What is the remainder when q(w) is divided by m?
16
Let o = 30 - -26. Calculate the remainder when o is divided by 21.
14
What is the remainder when ((-188)/4)/(1/(-3)) is divided by 13?
11
Let a = -522 + 533. Calculate the remainder when 70 is divided by a.
4
Let c be (-2)/(1*(-1)/(-2)) - -4. Suppose c = -12*f - 0*f + 12. Calculate the remainder when f is divided by 1.
0
Let b = -1 + 25. Calculate the remainder when 93 is divided by b.
21
Let y(f) = 7*f**3 + f**2 - 7*f + 8. What is the remainder when 111 is divided by y(1)?
3
Calculate the remainder when 62 is divided by (-6)/(-8) - (1 + 135/(-12)).
7
Suppose m - 11 = -3*k + 7*k, 5*k - 11 = -m. Let s(j) = 7*j - 81. What is the remainder when m is divided by s(12)?
2
Suppose -2*t - 3*t = 4*q - 54, 4*t - 2*q = 38. Suppose r - j + 0*j - 3 = 0, 2*r - j - t = 0. Calculate the remainder when 18 is divided by r.
4
Let u(n) = -4*n - 27. Let c be u(-8). Suppose -c*x + 438 = 123. What is the remainder when x is divided by 17?
12
Let j be ((-26)/6)/((-2)/(-6)). Let i be 2/(-2 + (-27)/j). Let f = i - 16. What is the remainder when 38 is divided by f?
8
Suppose 30 = 5*j - 2*j. Let w = -2180 + 2197. Calculate the remainder when w is divided by j.
7
Suppose 4*x = -x + 140. Suppose -g + r + 1 = 4, 2*r = -5*g - 50. Let a(w) = -2*w - 6. Calculate the remainder when x is divided by a(g).
8
Suppose 33 = -0*k + k. Suppose 0 = 4*o - 4*l - 92, 5*l - 4 = -14. Let p = -12 + o. What is the remainder when k is divided by p?
6
What is the remainder when 198 is divided by ((-10)/3)/(70/(-105))?
3
Suppose 11 = 3*o + 2*a, 5*o - 2*a = -2 - 1. Let s(y) = -362*y + 2538. Calculate the remainder when s(7) is divided by o.
0
Suppose y = -3, -3*w + y + 705 = -0*w. Calculate the remainder when 64 is divided by w/10 + 12/(-30).
18
Suppose -16*u + 171 = -837. Calculate the remainder when u is divided by 18.
9
Let y be 1/((4/(-4))/(